-5*v - 1 - 19 = 0. Let n = 172 - v. List the prime factors of n.
2, 11
Suppose -5*z = -2*z + 4*s + 8, -2*z - 17 = 5*s. Suppose -z*r + 25 = r. Suppose 3*p - r = 4. List the prime factors of p.
3
Let k be ((-2)/1)/(2/(-4)). Suppose -k*z + 3*z - 129 = 0. Let q = z + 181. List the prime factors of q.
2, 13
Suppose -3*t + 417 = -5*b, -b - 293 = -3*t + 136. What are the prime factors of t?
2, 3
Let q be ((-1)/(-3))/((-2)/30). Let h(j) = -j**3 - 4*j**2 + 4*j - 3. Let z be h(q). Suppose z*m = m + 10. What are the prime factors of m?
2, 5
Let j = -250 + 447. What are the prime factors of j?
197
Let l(o) = -4 + 2*o - 2 - 4*o**2 + 0. Let k(c) = 5*c**2 - c + 7. Let b(z) = -5*k(z) - 6*l(z). What are the prime factors of b(-6)?
7
Let k = -6 + 6. Suppose 3*c - 1 + 13 = k. Let z(m) = -2*m**2 - 10*m - 3. List the prime factors of z(c).
5
Let u = -47 - -134. List the prime factors of u.
3, 29
Let s(f) = -f**3 - 8*f**2 + 3*f - 22. Suppose 8*x - 3*x = 0. Suppose 2*j - 7*j - 45 = x. What are the prime factors of s(j)?
2
Let l be ((-131)/2)/((-3)/6*-1). Let c = l - -245. What are the prime factors of c?
2, 3, 19
Let p = 75 + -106. Suppose 10 = 5*x - 2*t + 80, 3*x + t + 31 = 0. Let w = x - p. List the prime factors of w.
19
Let g(k) = 2*k - 1. Let p be g(8). Let l be 12 + 179 + 8/2*-1. Suppose 0 = -5*v + p, f = -3*f - 5*v + l. List the prime factors of f.
43
List the prime factors of (-8)/(-22) - 337500/(-550).
2, 307
Suppose 0 = -11*j - 509 - 250. Let u = j + 177. What are the prime factors of u?
2, 3
Suppose -i = u + 5, -3*i = i + 3*u + 15. Let y = 2 - -2. Suppose 3*x = 2*n - 73, i = -n - 4*x + 27 + y. What are the prime factors of n?
5, 7
Let f = -1202 - -1758. Suppose 4*v + 243 = 6*v + 5*p, -f = -4*v + 4*p. What are the prime factors of v?
2, 67
Suppose 5*f = c - 877, -5*c - 5*f + 489 = -3956. List the prime factors of c.
887
Suppose 0 = -92*s + 82*s + 690. List the prime factors of s.
3, 23
Let h(n) = n**3 - 13*n**2 - 15*n + 14. Let l be h(14). Suppose l = 5*w - 3*v - 100, w - 21 = v - 3. List the prime factors of w.
23
Let k = 7 - 5. Suppose -3*n - 5 = k*n. What are the prime factors of (n/3)/(7/(-147))?
7
Let m(j) = 63*j + 53. What are the prime factors of m(5)?
2, 23
Let l(c) = -c**2 - 5*c**2 - 22 - 6*c**3 + 2*c**2 + 26. What are the prime factors of l(-3)?
2, 5, 13
Suppose 0 = 3*b + 8 + 10. Let y(w) = -w**2 - 18*w - 21. List the prime factors of y(b).
3, 17
Suppose 0 = 8*s - 11*s + 1029. Suppose 4*m + 3*g - 685 = 0, -2*m - g = -0*g - s. What are the prime factors of m?
2, 43
Let m = 827 - 552. List the prime factors of m.
5, 11
Let r(d) = d**2 - d - 3. Let l(u) = -u**3 - 3*u**2 - 2*u + 1. Let j(v) = -v**2 + 10*v - 3. Let m be j(10). Let w be l(m). What are the prime factors of r(w)?
3, 13
Suppose d - 2*f - 1760 = 0, 54*d - 57*d - f + 5252 = 0. List the prime factors of d.
2, 3, 73
Suppose 0*y + 1812 = 4*y. Let g = y + -319. List the prime factors of g.
2, 67
Let k(v) = -829*v - 797. List the prime factors of k(-5).
2, 3, 31
Suppose 0 = -10*a + 5*a + 15. Suppose 5*h - 188 - 32 = 2*f, f = a*h - 132. Suppose -5*g = h - 189. List the prime factors of g.
29
Let z(m) = 76*m - 471. List the prime factors of z(42).
3, 907
Suppose 0 = -p + 5, 10*p - 5*p + 239 = 3*t. Let f = t + -15. What are the prime factors of f?
73
List the prime factors of 30/(-35) + (-19318)/(-14).
7, 197
Let o(h) = 734*h**2 - 2*h - 3. What are the prime factors of o(-1)?
733
Let a = -17 + 24. Suppose -4*j + a*j = 171. What are the prime factors of j?
3, 19
Suppose 0 = -0*p - 2*p + 24. Suppose 0 = -f - f + p. Suppose -201 - 39 = -f*u. What are the prime factors of u?
2, 5
Let p = -1168 - -2543. What are the prime factors of p?
5, 11
Suppose -9*y + 6736 = -1481. What are the prime factors of y?
11, 83
Suppose 7*q + 334 = 2980. What are the prime factors of q?
2, 3, 7
Suppose 19 - 11 = -4*o. What are the prime factors of (7/3)/(o*(-2)/132)?
7, 11
Let i be 3820/16 - 3/(-12)*1. Suppose -505 = -4*o + i. List the prime factors of o.
2, 3, 31
Let f(x) = -x**2 + 11*x + 4. Let p be f(11). Suppose 0 = -5*z - 3*s - 44 + 151, -p*z + 68 = -2*s. List the prime factors of z.
19
Suppose 30 = 10*t - 530. List the prime factors of t.
2, 7
Let p be 2 + 0 - (8 - 8). Suppose -p*r - 4 = -84. List the prime factors of r.
2, 5
Let o(y) be the first derivative of 20*y**2 + y - 5. Let a be o(1). Suppose 5*m + 32 = 3*s - a, 11 = s + 5*m. List the prime factors of s.
3, 7
Let i = -11 - -11. Let b be 19 - i/(-1 - 0). Suppose -5 = -3*q + b. List the prime factors of q.
2
Suppose -3*c + 2732 = 743. What are the prime factors of c?
3, 13, 17
Suppose -12 = -10*i + 13*i. What are the prime factors of (-75)/(-4) + (-1)/i?
19
Suppose -356 = -4*i - v, 2*i + 0*i = -2*v + 178. Let z be (3*1*4)/(51/(-238)). Let l = i + z. List the prime factors of l.
3, 11
Let u(k) = k + 180. What are the prime factors of u(52)?
2, 29
Let w(s) = 3*s - 7. Let a be w(3). Suppose 5*v = a*v + 18. Suppose -2*x + v = -0*x. List the prime factors of x.
3
Let s(w) = -49*w + 102. What are the prime factors of s(-14)?
2, 197
Let d = -39 + 49. Let i(z) = z**3 - 9*z**2 - 3*z - 19. List the prime factors of i(d).
3, 17
Suppose -b = -4*m - 4, 3*b + 1 = -3*m + 2*m. Suppose b = -13*f + 16*f. Let o(g) = -g**3 + 2*g**2 + 20. List the prime factors of o(f).
2, 5
Let z = -6 - -40. Suppose -174 = 4*d + z. Let i = 73 + d. What are the prime factors of i?
3, 7
Let n = 33 - 33. Suppose -6*y + 367 = -2*y - 5*p, n = y - 2*p - 94. List the prime factors of y.
2, 11
Let n(k) = -448*k + 17. What are the prime factors of n(-1)?
3, 5, 31
Let i = 5 - 11. Let r = i - -9. Suppose -2*x = 2*d - 16, 0 = -r*d - 4*x + 21 - 1. What are the prime factors of d?
2, 3
Let a = 2576 + -1236. List the prime factors of a.
2, 5, 67
Let x = 42 - 40. Suppose x*m + m = 423. What are the prime factors of m?
3, 47
Suppose 3*b - 7*b - 3*n = -3, -3*b = -2*n - 15. List the prime factors of (-63)/((45/(-20))/b).
2, 3, 7
Let g be (-4 + 3)/(3/(-18)). Let q(d) = 2*d + 5*d**2 - 4 - g*d**2 - 4*d - 5*d. What are the prime factors of q(-3)?
2
Suppose 12*q - 80 = 8*q. Let o be 6/15 - (-1012)/q. Suppose 2*b - 60 = 2*k, k = 4*b - 75 - o. List the prime factors of b.
2
Let a = 7 - 4. List the prime factors of (5/3 - a)*-12.
2
List the prime factors of (-3)/6*0 + 5712/6.
2, 7, 17
Suppose a - 38 = 5*h, -3*h = -a + h + 36. Suppose -a = 2*o - 48. What are the prime factors of o?
2, 5
Let w(r) = -r**3 + 4*r**3 - 4*r**3 + 21*r + 14*r**2 + 0*r**3 + 18. List the prime factors of w(15).
2, 3
Suppose i - 159 = 99. Suppose 11*j + i - 2480 = 0. List the prime factors of j.
2, 101
Suppose 28749 = 5*a - 9*g + 8*g, -a - 5*g + 5729 = 0. List the prime factors of a.
5749
Suppose 5 + 1 = 2*h. Suppose -157 = -2*j - 0*j + 5*u, -3*u + 267 = h*j. What are the prime factors of j?
2, 43
Let h = -97 - -99. Suppose -3*z - h*p = -418, z + 2*p - 138 = -0*z. What are the prime factors of z?
2, 5, 7
Suppose 0 = 5*h - 3*b - 5854, 3*b + 705 - 1883 = -h. List the prime factors of h.
2, 293
Suppose -2*i - 3*p + 2135 = 0, 2451 + 754 = 3*i + 5*p. What are the prime factors of i?
2, 5, 53
Let r(y) = 11*y + 7. Let g be r(9). Suppose -4*w = m + g - 313, 3*m + 42 = w. Let j = w - 23. List the prime factors of j.
2, 7
Suppose 5*s - 29 = 2*g, 4*s - 28 = 3*g + g. Suppose 17 = 3*n + 2*u, -n - 5*u + s + 18 = 0. Suppose -2*r + 50 = n*r. What are the prime factors of r?
2, 5
What are the prime factors of (4*1335/(-20))/(2/(-12))?
2, 3, 89
Let l(q) = -162*q - 195. What are the prime factors of l(-9)?
3, 421
Let o be (4/(-6))/((-12)/144). Let m be o/(-10)*(-30)/12. What are the prime factors of (-6 - -7) + m + 27?
2, 3, 5
Suppose -h - 5*i - 23 = 0, 2*i - 3*i - 11 = -3*h. Suppose h*c - 3*c = -229. What are the prime factors of c?
229
Suppose 13906 - 2566 = 10*z. What are the prime factors of z?
2, 3, 7
Let m(k) = 2*k**2 - 4*k + 2. Let p be m(2). Suppose 0 = p*w - w - 3*j - 4, -4*w = -2*j - 16. What are the prime factors of w/(-20) + (-206)/(-5)?
41
Let r be 5/10*(3 - -5). Suppose -f - f = r*p - 134, 0 = -5*p - f + 163. List the prime factors of p.
2
Let r = 2063 - 1401. What are the prime factors of r?
2, 331
Let p = -17 + -5. Let r be (-16310)/(-77) + (-4)/p. Suppose -4*d + 8*d - r = 0. What are the prime factors of d?
53
Let h be 681/15 + 12/20. Suppose -74 = 